ctors of 1203227025?
3, 5, 7, 11, 13, 31, 47
List the prime factors of 4975178134.
2, 269, 9247543
What are the prime factors of 128295547?
89, 1441523
What are the prime factors of 654154474?
2, 327077237
List the prime factors of 145528208.
2, 7, 1299359
What are the prime factors of 77771107?
17, 4574771
List the prime factors of 110242265.
5, 7, 761, 4139
List the prime factors of 2859608844.
2, 3, 1823, 43573
What are the prime factors of 8147285888?
2, 7, 73, 124561
List the prime factors of 51256084.
2, 11, 137, 773
What are the prime factors of 222324005?
5, 29, 293, 5233
List the prime factors of 5910635055.
3, 5, 13, 17, 1782997
List the prime factors of 393358048.
2, 439, 28001
List the prime factors of 3179951028.
2, 3, 53, 347, 1601
List the prime factors of 44188084.
2, 47, 235043
List the prime factors of 5398031268.
2, 3, 7, 7140253
What are the prime factors of 1294566089?
2909, 445021
List the prime factors of 93965988.
2, 3, 173, 45263
List the prime factors of 970281997.
970281997
What are the prime factors of 570980575?
5, 11, 2076293
List the prime factors of 170275157.
13, 31, 283, 1493
What are the prime factors of 79173438?
2, 3, 607, 21739
List the prime factors of 24801968.
2, 131, 11833
List the prime factors of 504330207.
3, 2671, 62939
What are the prime factors of 2223348441?
3, 19, 39006113
What are the prime factors of 93443801?
11, 2161, 3931
List the prime factors of 815321710.
2, 5, 7, 23, 43, 11777
What are the prime factors of 115456173?
3, 7, 877, 6269
What are the prime factors of 361961928?
2, 3, 1663, 3023
List the prime factors of 2074078401.
3, 37, 569, 32839
What are the prime factors of 1099198563?
3, 17, 21552913
What are the prime factors of 702111622?
2, 31, 11324381
List the prime factors of 2050663748.
2, 7, 71, 1031521
What are the prime factors of 74220730?
2, 5, 1091, 6803
List the prime factors of 91238712.
2, 3, 137, 27749
What are the prime factors of 1019456180?
2, 5, 50972809
What are the prime factors of 71497197?
3, 7944133
What are the prime factors of 454015202?
2, 283, 802147
List the prime factors of 227817861.
3, 75939287
List the prime factors of 1753906828.
2, 438476707
What are the prime factors of 1118295232?
2, 17473363
List the prime factors of 1599711789.
3, 13, 229, 179119
List the prime factors of 1022956884.
2, 3, 19, 73, 6829
What are the prime factors of 13258973?
7, 13, 145703
What are the prime factors of 21824890?
2, 5, 2182489
List the prime factors of 1426644261.
3, 7, 37, 87433
What are the prime factors of 57364862?
2, 28682431
What are the prime factors of 892538941?
7, 71, 1795853
What are the prime factors of 5505955?
5, 7, 13, 12101
List the prime factors of 108329708.
2, 41, 660547
List the prime factors of 1819168619.
23789, 76471
List the prime factors of 16596103.
41, 404783
List the prime factors of 243342446.
2, 457, 266239
What are the prime factors of 42869668?
2, 1823, 5879
What are the prime factors of 2420668390?
2, 5, 7, 37, 157, 5953
What are the prime factors of 14020758?
2, 3, 47, 16573
List the prime factors of 2176188717.
3, 17, 42670367
What are the prime factors of 17974158?
2, 3, 2995693
What are the prime factors of 169391168?
2, 79, 33503
List the prime factors of 1521889370.
2, 5, 167, 911311
List the prime factors of 1338193758.
2, 3, 11, 20275663
What are the prime factors of 838258568?
2, 7, 19, 787837
What are the prime factors of 1404422674?
2, 702211337
List the prime factors of 131095757.
13, 10084289
List the prime factors of 2008841677.
127, 15817651
List the prime factors of 19176793.
4001, 4793
List the prime factors of 1129604835.
3, 5, 75306989
List the prime factors of 21824244.
2, 3, 13, 46633
What are the prime factors of 113837330?
2, 5, 113, 100741
List the prime factors of 107551118.
2, 41, 1311599
What are the prime factors of 5611029?
3, 1870343
What are the prime factors of 1317828762?
2, 3, 67, 103
List the prime factors of 975708168.
2, 3, 40654507
List the prime factors of 1886862410.
2, 5, 188686241
List the prime factors of 193673702.
2, 2617, 37003
What are the prime factors of 1278799334?
2, 1321, 484027
What are the prime factors of 42808579?
11, 3891689
List the prime factors of 112160761.
61, 1103, 1667
List the prime factors of 7582584784.
2, 103, 127, 36229
What are the prime factors of 38837935?
5, 433, 17939
What are the prime factors of 431572965?
3, 5, 17, 109, 15527
What are the prime factors of 66822005?
5, 41, 71, 4591
What are the prime factors of 23565089?
23565089
What are the prime factors of 48253300?
2, 5, 499, 967
List the prime factors of 105521365.
5, 31, 680783
List the prime factors of 375233751.
3, 479, 87041
List the prime factors of 3848760593.
19, 202566347
List the prime factors of 996877948.
2, 11, 22656317
What are the prime factors of 24804213?
3, 7, 1181153
List the prime factors of 127407701.
29, 4393369
List the prime factors of 5433052611.
3, 7, 258716791
List the prime factors of 637027153.
7, 31, 2935609
List the prime factors of 30942345.
3, 5, 7, 157, 1877
List the prime factors of 637462936.
2, 11, 37, 195781
What are the prime factors of 4025008945?
5, 53, 521, 29153
What are the prime factors of 422969507?
19, 71, 313543
What are the prime factors of 39843426?
2, 3, 7, 67, 14159
What are the prime factors of 2387914?
2, 151, 7907
List the prime factors of 2079627963.
3, 7, 31, 43, 10613
List the prime factors of 18720171.
3, 89, 23371
List the prime factors of 297475317.
3, 1823, 18131
List the prime factors of 2018408622.
2, 3, 336401437
What are the prime factors of 996811214?
2, 7, 23, 89, 4969
What are the prime factors of 136135419?
3, 7, 6482639
What are the prime factors of 10823013?
3, 199, 6043
List the prime factors of 686117199.
3, 4451, 51383
List the prime factors of 867861022.
2, 7, 41, 1511953
List the prime factors of 24726844.
2, 107, 57773
List the prime factors of 9004557.
3, 1013, 2963
What are the prime factors of 241258352?
2, 19, 37, 89, 241
What are the prime factors of 22933963?
13, 1764151
List the prime factors of 17635396.
2, 4408849
List the prime factors of 71953760.
2, 5, 19, 23669
List the prime factors of 2325102350.
2, 5, 137, 197, 1723
List the prime factors of 2202681347.
17, 31, 67, 62383
What are the prime factors of 347239291?
7, 41, 509, 2377
What are the prime factors of 406504953?
3, 31, 73, 6653
List the prime factors of 4006610248.
2, 500826281
What are the prime factors of 35398905?
3, 5, 2359927
List the prime factors of 3394502508.
2, 3, 5077, 55717
List the prime factors of 2672092959.
3, 41, 21724333
What are the prime factors of 58944561?
3, 13, 23, 65713
What are the prime factors of 26383900?
2, 5, 439, 601
List the prime factors of 858155784.
2, 3, 17, 389, 5407
What are the prime factors of 1221182520?
2, 3, 5, 10176521
What are the prime factors of 1246770965?
5, 11, 251, 90313
What are the prime factors of 1181880256?
2, 17, 19, 57173
List the prime factors of 532630747.
11, 31, 149, 953
What are the prime factors of 159825172?
2, 13, 181, 16981
What are the prime factors of 52475391?
3, 1943533
What are the prime factors of 581792518?
2, 277, 1050167
List the prime factors of 9363098.
2, 1741, 2689
What are the prime factors of 784662421?
17, 31, 443, 3361
What are the prime factors of 29669249?
1531, 19379
What are the prime factors of 102589882?
2, 51294941
List the prime factors of 32157057.
3, 499, 21481
List the prime factors of 1413662411.
7, 41, 4925653
What are the prime factors of 973670365?
5, 194734073
List the prime factors of 2177580513.
3, 151, 4807021
List the prime factors of 324091013.
83, 683, 5717
What are the prime factors of 925624955?
5, 307, 603013
What are the prime factors of 91767206?
2, 45883603
What are the prime factors of 210214292?
2, 52553573
List the prime factors of 25963911.
3, 307, 9397
What are the prime factors of 166198975?
5, 6647959
What are the prime factors of 182267433?
3, 23, 880519
What are the prime factors of 928731405?
3, 5, 7, 61, 83, 1747
What are the prime factors of 54530721?
3, 7, 433, 1999
What are the prime factors of 2469723120?
2, 3, 5, 3430171
List the prime factors of 1067752136.
2, 11, 12133547
List the prime factors of 2337106617.
3, 569, 456